pose 3*i - s*m - 2107 = -13*m, 5*i = -m + 3517. Is i prime?
False
Suppose -207*l + 80 = -203*l. Is (-255453)/(-6)*l/55 a composite number?
True
Suppose 10*t = 219 + 81. Let i be ((-5)/(t/212))/((-1)/66). Suppose 3*m = 5*u - 0*m - 2344, 0 = 5*u + m - i. Is u a composite number?
False
Suppose -41866595 = -117*t - 18*t + 77295070. Is t composite?
True
Let t(d) = 8*d**3 + 8*d**2 - 22*d - 23. Let l be t(-9). Let z = l + 8700. Is z composite?
False
Let y be ((-626)/10)/(8/32)*5. Let r = y + 3957. Is r a prime number?
False
Suppose -3*m + 22988 = 4*x, 0 = 4*m - 3*x - 30477 - 132. Let b = m + -4999. Suppose -8*l - b = -8209. Is l a composite number?
True
Suppose u + 2*w = 8910, -u + 5450*w = 5447*w - 8870. Is u prime?
False
Let c = 32 + -16. Suppose -2*t + u = -4*u - 86, c = -4*u. Is t/44 - 3137/(-4) composite?
True
Let o(x) = -2023*x + 3 + 1 + 9 + 279*x. Is o(-1) composite?
True
Suppose 137*z + 457088 = 141*z + 4*b, b = 4*z - 457053. Is z a composite number?
True
Let n(i) = 250*i**2 + 88*i - 1653. Is n(22) a prime number?
True
Suppose 3*f - f - 22 = -3*p, 4*p = -2*f + 18. Suppose 43854 - 13832 = f*y. Is y a prime number?
False
Is -8 + 8 + 4/7 + 50431806/126 a composite number?
True
Suppose 2*i - 686 = -2*y, y - 1053 = -2*y + 3*i. Suppose 5*o = -3*v + y, -v + 2*o = -o - 139. Let u = v + -57. Is u a composite number?
False
Let t(s) be the second derivative of -1/20*s**5 - 3/2*s**3 - 9/2*s**2 + 0 - 19*s + 1/4*s**4. Is t(-10) a composite number?
False
Suppose -3 = 4*r - 15. Suppose -2*f = -3*t + 4669, 5*t + r*f = 3514 + 4293. Is t composite?
False
Suppose 115*c = 64*c + 2848197. Is c a prime number?
False
Let o(p) = p**2 + 23*p + 2. Let r be o(-23). Suppose -18359 = -5*v + 3*f, -r*v + 5*f = 2*v - 14695. Suppose 0 = w - 6*w + v. Is w a prime number?
False
Let a be 37/7 + (-14)/49. Let k(u) = 3*u**3 - u**2 - 7*u - 2. Let l(b) = 10*b**3 - 3*b**2 - 20*b - 6. Let p(n) = 7*k(n) - 2*l(n). Is p(a) prime?
True
Suppose 0 = b - 2*b. Let t(m) = 4*m + 47. Let p be t(-11). Suppose -8*x + p*x + 725 = b. Is x composite?
True
Suppose -5*o - 20*q + 24280 = -15*q, 3*o + 4*q = 14571. Is o prime?
False
Let t(h) = 107*h**2 - 78*h - 1719. Is t(-16) a composite number?
False
Suppose 5*w - 17 = -u, w - 5*w = 5*u - 22. Suppose 3*o - 41706 = -w*l, 3*o - 29387 - 12324 = -2*l. Is o composite?
False
Let d = 256 + -252. Suppose d*c = -486 + 5306. Is c a composite number?
True
Let i be 35/(-42)*-3*2. Let b = 6 + -2. Suppose 4*f - 3824 = 3*p, -204 = -b*f - i*p + 3588. Is f composite?
False
Suppose -22*i - 5*k = -26*i + 2967088, -6*i = -5*k - 4450622. Is i a composite number?
True
Let r(x) be the second derivative of -389*x**3/6 - 23*x**2/2 - 17*x. Let g be r(-2). Let m = 34 + g. Is m a prime number?
False
Let q(x) = -5*x**3 + 17*x**2 + 3*x + 1. Is q(-14) a composite number?
False
Let w(f) = -3*f - 10. Let a be w(20). Let v = -61 - a. Suppose v*p = 13*p - 7836. Is p composite?
True
Let q(f) = -2314*f + 19. Let a be q(-1). Let n = a - -762. Is n composite?
True
Let z = -3000 + 4681. Suppose 5*t = -o + z, 4*o - 2*t - 1624 = 4990. Suppose 4*g = -2*i + 1210, -o = -4*g + i - 443. Is g a composite number?
True
Let c(u) = -78*u**3 + u**2 - 3*u - 3. Let d be c(-2). Suppose 0 = -12*h + 2417 + d. Let f = -112 + h. Is f composite?
True
Suppose 70*s = 153*s - 1430173. Is s a composite number?
False
Let u(x) = -x**3 + 7*x**2 + 4*x - 7. Let t be u(6). Let p = t + -52. Is p/((7/(21/(-9)))/(-3453)) composite?
False
Let o(h) = -16*h - 4. Let x be o(-1). Let y be (2/6)/((-2)/x) - 2. Is y/22 - (-384975)/165 a prime number?
True
Let a = 50 - 45. Suppose -r = a*c - 21, 0 = -5*r + 2*r + 2*c - 5. Is (-3585)/(-20) - (r - 6/8) prime?
True
Let f = -833 - -1312. Suppose -5*q = 36*k - 37*k + 900, 0 = 5*k + 4*q - 4326. Let d = k - f. Is d composite?
True
Suppose 3*b - 18614 = 43507. Is b composite?
False
Suppose 4*g = 8*u - 3*u - 546, 5*g - 4*u + 687 = 0. Let r = 110 + -440. Let p = g - r. Is p composite?
False
Suppose 343*p - 14679271 = 302*p. Is p a prime number?
True
Let c(m) = 46*m + 16. Let b(j) = -j + 1. Let d(h) = -3*b(h) - c(h). Let o be d(20). Is (-4)/6 - o/9 a composite number?
False
Let x = 194202 + -91441. Is x a prime number?
True
Let p = -14 + 25. Let z be ((-2)/2 + 7)*p/33. Is 9510/5 + (-1)/2*z a composite number?
False
Let l = 261 - 374. Let s = 208 + l. Is s prime?
False
Let d(g) = 1836*g - 29. Is d(22) a prime number?
False
Let y(r) = -170982*r - 1513. Is y(-7) a composite number?
False
Let w(z) = 128*z**3 - 23*z**2 + 59*z - 25. Is w(12) a composite number?
True
Let y(x) = 106*x**3 - 49*x**2 - 9*x + 59. Is y(15) composite?
False
Suppose 39*x = 3854554 + 2967148 - 1538723. Is x prime?
True
Let x(j) be the second derivative of 6*j**4 + 5*j**3/2 + 31*j**2 - 47*j. Is x(-11) composite?
False
Let q be -4 - (1 - (-21)/(-3)*1). Suppose 16 = 6*v - q*v. Suppose 2*m = v*k - 3230, m = k - 3*m - 797. Is k prime?
True
Let x(c) = -70*c**3 - 8*c**2 + 74*c + 13. Is x(-10) a prime number?
True
Let o = 47 - 44. Let c be 44/11*o/4. Is (c/(-6))/(6170/6172 - 1) a prime number?
True
Suppose 391951 + 219606 = 2*c - 3*y, 2*y = -5*c + 1528883. Is c a composite number?
True
Suppose -20*o + n = -16*o - 87655, 0 = -3*o + 5*n + 65737. Is o a prime number?
False
Let o be (120/(-40))/((-2)/(83416/6)). Suppose 0 = -f - f + o. Is f a prime number?
True
Let o(c) = c**2 - 13*c - 27. Let j be o(15). Suppose 0 = 2*b - 4*k - 3034, -j*b = -0*b + k - 4530. Is b a composite number?
False
Let t(b) = 1046*b - 83. Let p(u) = -1569*u + 124. Let v(j) = 5*p(j) + 8*t(j). Let h(k) = 174*k - 15. Let i(c) = -11*h(c) + 4*v(c). Is i(4) composite?
False
Let g = -16 + 37. Suppose 24*m - g*m = 396. Let q = m - 1. Is q a composite number?
False
Suppose -3*y - j = -167843, 2*y - 155232 = 6*j - 43310. Is y composite?
False
Suppose -2*m + 2*r + 7166 = 0, -4*m - 8*r + 14330 = -11*r. Let d = m + -1508. Is d a prime number?
False
Suppose 0 = g - 5, 44533 = -f + 4*f + 5*g. Let n = f - 8153. Is n a composite number?
True
Suppose -46*m = v - 45*m - 154873, -4*v = -2*m - 619480. Is v a composite number?
False
Suppose -2*n - 3832 = 2*i - n, 3*n = -3*i - 5742. Let x be (-14)/(-63) - (-81129)/27. Let w = x + i. Is w prime?
True
Is (-9649)/(2/((0/4)/(-7) + -2)) a prime number?
True
Suppose 13*p + 7*p - 183475 = -5*p. Is p prime?
False
Let d(a) = -a**2 - a + 6. Let h be d(-4). Let c be (10/h)/(3/(-9)). Suppose 3*f + c*w - 9733 = 0, -10*f + 5*f - w + 16207 = 0. Is f prime?
False
Is (12/(-30) - 6375708/(-20)) + 2 + -9 a prime number?
False
Suppose 4*j = -5*n + 810, -2*j = -3*n + 103 + 383. Suppose n*i - 161*i = 3027. Is i a prime number?
False
Let k = -67 + 72. Let s = k + -3. Suppose -v + l + 103 = s*v, 2*v + l - 67 = 0. Is v a prime number?
False
Suppose 67*n + 2*n - 171059073 = 0. Is n a prime number?
True
Let m be (6/(-18))/((-5)/450). Let r be 8/3 - (-10)/m. Suppose -4*g = s - r*g - 239, s - 239 = -4*g. Is s a prime number?
True
Let a be (2/4)/((-8)/720). Let t be 16/120 - 84/a. Suppose 0 = -y + 4*v + 1541, -2066 = -t*y - 4*v + 1052. Is y a composite number?
False
Let i(o) = -10*o - 317. Let q be i(-32). Suppose -4*b + 14448 = q*f - 54901, 0 = b + 5*f - 17316. Is b prime?
True
Let p = 55 - 59. Is -354*(2 + p/8 + -2) prime?
False
Suppose 35*k = -20082684 + 49061599. Is k a prime number?
True
Suppose 5*z = -l - 171577, -3*l = 3*z - 24226 + 127177. Let d = 5070 - z. Is d a prime number?
False
Let m(v) = 22*v + 18899. Let y be 1/(-8)*0/49. Is m(y) a prime number?
True
Let q(r) be the third derivative of 1/6*r**3 + 0*r**4 - 27*r**2 + 0*r + 11/30*r**5 + 0. Is q(1) composite?
False
Is (11*2)/(17/(-30328)*-16) a composite number?
True
Let p(t) = -7*t - 20. Let l be p(-3). Is (8/(-12)*(-6801)/2)/l composite?
False
Suppose -12*f + 11464 = -60740. Let k = -4116 + f. Is k prime?
True
Is 34/(-4) + 125400018/316 composite?
True
Let y(b) = 908*b**2 - b - 19. Suppose -4*x + 3*x - 4 = 2*c, -24 = 3*c - 3*x. Is y(c) a prime number?
False
Let s be (5/(-2))/(-8 - (-94)/12). Let l(i) = i**2 - 14*i - 10. Let z be l(s). Suppose -g = 4*g - 4*j - 1901, -z*j - 1900 = -5*g. Is g prime?
False
Let y(m) = 10473*m + 7013. Is y(24) a composite number?
True
Suppose 0 = -17*m + 80613 + 64686. Let y = 19564 - m. Is y a prime number?
False
Suppose 1287295 = 54*k - 303*k + 17864221. Is k prime?
Fals